{"id":9,"date":"2020-04-30T13:46:03","date_gmt":"2020-04-30T13:46:03","guid":{"rendered":"http:\/\/knepperges.de\/?page_id=9"},"modified":"2020-05-05T09:10:36","modified_gmt":"2020-05-05T09:10:36","slug":"projekte","status":"publish","type":"page","link":"https:\/\/www.knepperges.de\/?page_id=9","title":{"rendered":"projekte"},"content":{"rendered":"\t\t<div data-elementor-type=\"wp-page\" data-elementor-id=\"9\" class=\"elementor elementor-9\" data-elementor-settings=\"[]\">\n\t\t\t\t\t\t<div class=\"elementor-inner\">\n\t\t\t\t\t\t\t<div class=\"elementor-section-wrap\">\n\t\t\t\t\t\t\t<section class=\"elementor-section elementor-top-section elementor-element elementor-element-958bce5 elementor-section-boxed elementor-section-height-default elementor-section-height-default\" data-id=\"958bce5\" data-element_type=\"section\">\n\t\t\t\t\t\t<div class=\"elementor-container elementor-column-gap-default\">\n\t\t\t\t\t\t\t<div class=\"elementor-row\">\n\t\t\t\t\t<div class=\"elementor-column elementor-col-100 elementor-top-column elementor-element elementor-element-0850a8f\" data-id=\"0850a8f\" data-element_type=\"column\">\n\t\t\t<div class=\"elementor-column-wrap elementor-element-populated\">\n\t\t\t\t\t\t\t<div class=\"elementor-widget-wrap\">\n\t\t\t\t\t\t<div class=\"elementor-element elementor-element-17ddaa5 elementor-widget elementor-widget-heading\" data-id=\"17ddaa5\" data-element_type=\"widget\" data-widget_type=\"heading.default\">\n\t\t\t\t<div class=\"elementor-widget-container\">\n\t\t\t<h2 class=\"elementor-heading-title elementor-size-default\">projekte<\/h2>\t\t<\/div>\n\t\t\t\t<\/div>\n\t\t\t\t<div class=\"elementor-element elementor-element-88bfa36 elementor-widget elementor-widget-text-editor\" data-id=\"88bfa36\" data-element_type=\"widget\" data-widget_type=\"text-editor.default\">\n\t\t\t\t<div class=\"elementor-widget-container\">\n\t\t\t\t\t\t\t\t<div class=\"elementor-text-editor elementor-clearfix\">\n\t\t\t\t\t<p style=\"text-align: center;\">Erweiterung FSP Frischsaftproduktion, 2003 &#8211; 2004\u00a0\u00a0 \u00a0<br \/>Leistungsphasen LP 1-8, Planer Technische Geb\u00e4udeausr\u00fcstung\u00a0\u00a0 \u00a0<br \/>\u00a0\u00a0 \u00a0<br \/>Neubau ISD International School of D\u00fcsseldorf, 2004 &#8211; 2005\u00a0\u00a0 \u00a0<br \/>Leistungsphasen LP 8, Bauleitung Technische Geb\u00e4udeausr\u00fcstung\u00a0\u00a0 \u00a0<br \/>\u00a0\u00a0 \u00a0<br \/>Umbau Verwaltungsgeb\u00e4ude Villa Ponsold, Oschersleben, 2004\u00a0\u00a0 \u00a0<br \/>Leistungsphasen LP 1-4, Planer Technische Geb\u00e4udeausr\u00fcstung\u00a0\u00a0 \u00a0<br \/>\u00a0\u00a0 \u00a0<br \/>Umbau Laborgeb\u00e4ude Dr. Ponsold GmbH, Oschersleben, 2004\u00a0\u00a0 \u00a0<br \/>Leistungsphasen LP 1-6, Planer Technische Geb\u00e4udeausr\u00fcstung\u00a0\u00a0 \u00a0<br \/>\u00a0\u00a0 \u00a0<br \/>Umbau und Modernisierung der Modulk\u00e4lte AMB GENERALI (RZ), Aachen, 2005\u00a0\u00a0 \u00a0<br \/>Leistungsphasen LP 1-8, Planer Technische Geb\u00e4udeausr\u00fcstung\u00a0\u00a0 \u00a0<br \/>\u00a0\u00a0 \u00a0<br \/>RWE Brauweiler, Erneuerung der K\u00e4lteerzeugungsanlage, 2004\u00a0\u00a0 \u00a0<br \/>Leistungsphasen LP 1-6, Planer\/Projektleiter Technische Geb\u00e4udeausr\u00fcstung\u00a0\u00a0 \u00a0<br \/>\u00a0\u00a0 \u00a0<br \/>Erweiterung des Medienkanals, RWTH Erschliessung, Aachen, 2005-2007\u00a0\u00a0 \u00a0<br \/>Leistungsphasen LP 8, Bauleitung Technische Geb\u00e4udeausr\u00fcstung\u00a0\u00a0 \u00a0<br \/>\u00a0\u00a0 \u00a0<br \/>Neubau Deutsches Tischtenniszentrum, D\u00fcsseldorf, 2005 &#8211; 2006\u00a0\u00a0 \u00a0<br \/>Leistungsphasen LP 1-8, Planer\/Projektleiter Technische Geb\u00e4udeausr\u00fcstung\u00a0\u00a0 \u00a0<br \/>\u00a0\u00a0 \u00a0<br \/>Agrolab Laborgeb\u00e4ude, Oberhummel, 2005 &#8211; 2006\u00a0\u00a0 \u00a0<br \/>Leistungsphasen LP 1-8, Planer\/Projektleiter Technische Geb\u00e4udeausr\u00fcstung\u00a0\u00a0 \u00a0<br \/>\u00a0\u00a0 \u00a0<br \/>Neubau Verwaltungsgeb\u00e4ude Westpharma, Eschweiler, 2006\u00a0\u00a0 \u00a0<br \/>Leistungsphasen LP 1-4, Planer Technische Geb\u00e4udeausr\u00fcstung\u00a0\u00a0 \u00a0<br \/>\u00a0\u00a0 \u00a0<br \/>Umbau Verwaltungsgeb\u00e4ude HDE Solutions GmbH, Menden, 2006\u00a0\u00a0 \u00a0<br \/>Leistungsphasen LP 1-4, Planer\/Projektleiter Technische Geb\u00e4udeausr\u00fcstung\u00a0\u00a0 \u00a0<br \/>\u00a0\u00a0 \u00a0<br \/>Neubau STADA Bet\u00e4ubungsmittellager in Bad Vilbel, 2006\u00a0\u00a0 \u00a0<br \/>Leistungsphasen LP 1-8, Planer\/Projektleiter Technische Geb\u00e4udeausr\u00fcstung\u00a0\u00a0 \u00a0<br \/>\u00a0\u00a0 \u00a0<br \/>Modernisierung der Hardwarek\u00e4lte AMB GENERALI (RZ), Aachen, 2006 &#8211; 2009\u00a0\u00a0 \u00a0<br \/>Leistungsphasen LP 1-8, Planer Technische Geb\u00e4udeausr\u00fcstung\u00a0\u00a0 \u00a0<br \/>\u00a0\u00a0 \u00a0<br \/>Errichtung von Versuchsst\u00e4nden zur Entwicklung von Brennstoffzellen\u00a0\u00a0 \u00a0<br \/>im Forschungszentrum J\u00fclich, 2006-2007\u00a0\u00a0 \u00a0<br \/>Leistungsphasen LP 1-6, Planer\/Projektleiter Technische Geb\u00e4udeausr\u00fcstung\u00a0\u00a0 \u00a0<br \/>\u00a0\u00a0 \u00a0<br \/>Integration eines S3-Labors, Universit\u00e4tsklinikum Aachen, 2007\u00a0\u00a0 \u00a0<br \/>Leistungsphasen LP 1-6, Planer Technische Geb\u00e4udeausr\u00fcstung\u00a0\u00a0 \u00a0<br \/>\u00a0\u00a0 \u00a0<br \/>Modernisierung der Zentralk\u00e4lte AMB GENERALI (RZ), Aachen, 2008 &#8211; 2010\u00a0\u00a0 \u00a0<br \/>Leistungsphasen LP 1-8, Planer Technische Geb\u00e4udeausr\u00fcstung\u00a0\u00a0 \u00a0<br \/>\u00a0\u00a0 \u00a0<br \/>Konzepterstellung Klimatisierung Verwaltungsgeb\u00e4ude AMB GENERALI, H\u00fcrth, 2008\u00a0\u00a0 \u00a0<br \/>Leistungsphasen LP 1, Planer Technische Geb\u00e4udeausr\u00fcstung\u00a0\u00a0 \u00a0<br \/>\u00a0\u00a0 \u00a0<br \/>Neubau Verwaltungsgeb\u00e4ude Buchenbaum, GEBAG, Duisburg, 2008\u00a0\u00a0 \u00a0<br \/>Leistungsphasen LP 5-6, Planer Gewerk L\u00fcftung-und K\u00e4ltetechnik\u00a0\u00a0 \u00a0<br \/>\u00a0\u00a0 \u00a0<br \/>Neubau Wohnhaus Capricorn, D\u00fcsseldorf, 2008\u00a0\u00a0 \u00a0<br \/>Leistungsphasen LP 5-6, Planer Technische Geb\u00e4udeausr\u00fcstung\u00a0\u00a0 \u00a0<br \/>\u00a0\u00a0 \u00a0<br \/>Neubau Laborgeb\u00e4ude Universit\u00e4t Frankfurt, Frankfurt, 2008\u00a0\u00a0 \u00a0<br \/>Leistungsphasen LP 5, Mithilfe bei der Laborplanung\u00a0\u00a0 \u00a0<br \/>\u00a0\u00a0 \u00a0<br \/>Umnutzung von Klassenr\u00e4umen zu Laborr\u00e4umen; Klassifizierung S2, \u00a0\u00a0 \u00a0<br \/>BBS Ludwigshafen, Ludwigshafen, 2008-2009\u00a0\u00a0 \u00a0<br \/>Leistungsphasen LP 1-8, Planer\/Projektleiter Technische Geb\u00e4udeausr\u00fcstung\u00a0\u00a0 \u00a0<br \/>\u00a0\u00a0 \u00a0<br \/>Umbau Universit\u00e4t K\u00f6ln, Serverhalle der Universit\u00e4t zu K\u00f6ln, 2008-2009\u00a0\u00a0 \u00a0<br \/>Leistungsphasen LP 1-4, Planer Technische Geb\u00e4udeausr\u00fcstung\u00a0\u00a0 \u00a0<br \/>\u00a0\u00a0 \u00a0<br \/>Polizeipr\u00e4sidium Mainz Sanierung K7, Mainz, 2008-2009\u00a0\u00a0 \u00a0<br \/>Ausbau eines Spurensicherungslabors\u00a0\u00a0 \u00a0<br \/>Leistungsphasen LP 1-6, Planer\/Projektleiter Technische Geb\u00e4udeausr\u00fcstung\u00a0\u00a0 \u00a0<br \/>\u00a0\u00a0 \u00a0<br \/>Landeskriminalamt Mainz, Ausbau einer Daktyloskopie, 2008-2009\u00a0\u00a0 \u00a0<br \/>Leistungsphasen LP 1-6, Planer\/Projektleiter Technische Geb\u00e4udeausr\u00fcstung\u00a0\u00a0 \u00a0<br \/>\u00a0\u00a0 \u00a0<br \/>Konzepterstellung Klimatisierung Tresorraum\u00a0\u00a0 \u00a0<br \/>Generali Deutschland Informatik Services GmbH, Aachen, 2009\u00a0\u00a0 \u00a0<br \/>Leistungsphasen LP 1, Planer Technische Geb\u00e4udeausr\u00fcstung\u00a0\u00a0 \u00a0<br \/>\u00a0\u00a0 \u00a0<br \/>Umbau \/ Erweiterung Klimatisierung Sicherheitsleitstelle\u00a0\u00a0 \u00a0<br \/>Generali Deutschland Informatik Services GmbH, Aachen, 2009\u00a0\u00a0 \u00a0<br \/>Leistungsphasen LP 1-8, Planer Technische Geb\u00e4udeausr\u00fcstung\u00a0\u00a0 \u00a0<br \/>\u00a0\u00a0 \u00a0<br \/>Technische Due Diligence Deutsche Bank in Aachen, 2009\u00a0\u00a0 \u00a0<br \/>Bereich Technische Geb\u00e4udeausr\u00fcstung\u00a0\u00a0 \u00a0<br \/>\u00a0\u00a0 \u00a0<br \/>Technische Due Diligence Deutsches Textilforschungszentrum in Krefeld, 2009\u00a0\u00a0 \u00a0<br \/>Bereich Technische Geb\u00e4udeausr\u00fcstung\u00a0\u00a0 \u00a0<br \/>\u00a0\u00a0 \u00a0<br \/>Umnutzung \/ Erstellung Telepresenceraum\u00a0\u00a0 \u00a0<br \/>Generali Deutschland Informatik Services GmbH, Aachen, 2009\u00a0\u00a0 \u00a0<br \/>Leistungsphasen LP 1-8, Planer Technische Geb\u00e4udeausr\u00fcstung\u00a0\u00a0 \u00a0<br \/>\u00a0\u00a0 \u00a0<br \/>Neubau Fraunhofer Institut Aachen, ILT, 2009-2011\u00a0\u00a0 \u00a0<br \/>Leistungsphasen LP 1-5, Planer Technische Geb\u00e4udeausr\u00fcstung\u00a0\u00a0 \u00a0<br \/>\u00a0\u00a0 \u00a0<br \/>Modernisierung Tischtenniszentrum in D\u00fcsseldorf, 2009 &#8211; 2010\u00a0\u00a0 \u00a0<br \/>Leistungsphasen LP 6-8, Planer\/Objekt\u00fcberwachung Technische Geb\u00e4udeausr\u00fcstung\u00a0\u00a0 \u00a0<br \/>\u00a0\u00a0 \u00a0<br \/>Neubau DWI an der RWTH Aachen, 2010-2011\u00a0\u00a0 \u00a0<br \/>Leistungsphasen LP 6-8, Bauleitung Technische Geb\u00e4udeausr\u00fcstung\u00a0\u00a0 \u00a0<br \/><br \/>Umbau \/ Erweiterung Polizeipr\u00e4sidium D\u00fcsseldorf, 2011-2014\u00a0\u00a0 \u00a0<br \/>Leistungsphasen LP 1-6, Planer Technische Geb\u00e4udeausr\u00fcstung\u00a0\u00a0 \u00a0<br \/><br \/>Umbau \/ Erweiterung Verwaltungsgeb\u00e4ude DEKA \/ WDR in K\u00f6ln, 2012-2014\u00a0\u00a0 \u00a0<br \/>Leistungsphasen LP 1-8, Planer Technische Geb\u00e4udeausr\u00fcstung<br \/><br \/>Umbau \/ Erweiterung Laborgeb\u00e4ude Sammelbau Biologie <br \/>an der RWTH Aachen, 2013-2015<br \/>Leistungsphasen LP 1-8, Planer Technische Geb\u00e4udeausr\u00fcstung\u00a0\u00a0 \u00a0<br \/><br \/>Umbau \/ Nutzungs\u00e4nderung Laborgeb\u00e4ude Institut f\u00fcr Stromrichtertechnik und<br \/>Elektrische Antriebe an der RWTH Aachen, 2013-2015<br \/>Leistungsphasen LP 1-8, Planer Technische Geb\u00e4udeausr\u00fcstung\u00a0\u00a0 \u00a0<br \/><br \/>Neubau einer Feuerwache in Havert-Schalbruch, 2015<br \/>Leistungsphasen LP 1-6, Planer Technische Geb\u00e4udeausr\u00fcstung\u00a0\u00a0 \u00a0<br \/><br \/>Neubau eines Wohn-und Gesch\u00e4ftshauses in Pulheim, 2015-2016<br \/>Leistungsphasen LP 1-6, Planer Technische Geb\u00e4udeausr\u00fcstung\u00a0\u00a0 \u00a0<br \/><br \/>Umbau \/ Nutzungs\u00e4nderung der Pr\u00fcfst\u00e4nde am Institut f\u00fcr Technische <br \/>Verbrennung an der RWTH Aachen, 2016-2018<br \/>Leistungsphasen LP 1-8, Planer Technische Geb\u00e4udeausr\u00fcstung\u00a0\u00a0 \u00a0<br \/><br \/>Neubau B\u00fcrogeb\u00e4ude Chemie an der RWTH Aachen, 2016-2020<br \/>Leistungsphasen LP 1-8, Planer Technische Geb\u00e4udeausr\u00fcstung\u00a0\u00a0 \u00a0<br \/><br \/>Neubau B\u00fcrogeb\u00e4ude Pontdriesch an der RWTH Aachen, 2016-2020<br \/>Leistungsphasen LP 1-8, Planer Technische Geb\u00e4udeausr\u00fcstung<br \/><br \/>Neubau Ersatzbau Kreuzherrenstrasse an der RWTH Aachen, 2017-2021<br \/>Leistungsphasen LP 1-8, Planer Technische Geb\u00e4udeausr\u00fcstung\u00a0\u00a0 \u00a0<br \/><br \/>Umbau \/ Nutzungs\u00e4nderung am Institut f\u00fcr Mineralogie und Lagerst\u00e4tten<br \/>an der RWTH Aachen, 2017-2020<br \/>Leistungsphasen LP 1-8, Planer Technische Geb\u00e4udeausr\u00fcstung\u00a0\u00a0 \u00a0<br \/><br \/><br \/><br \/><br \/><br \/><\/p>\t\t\t\t\t<\/div>\n\t\t\t\t\t\t<\/div>\n\t\t\t\t<\/div>\n\t\t\t\t\t\t<\/div>\n\t\t\t\t\t<\/div>\n\t\t<\/div>\n\t\t\t\t\t\t\t\t<\/div>\n\t\t\t\t\t<\/div>\n\t\t<\/section>\n\t\t\t\t\t\t<\/div>\n\t\t\t\t\t\t<\/div>\n\t\t\t\t\t<\/div>\n\t\t","protected":false},"excerpt":{"rendered":"<p>projekte Erweiterung FSP Frischsaftproduktion, 2003 &#8211; 2004\u00a0\u00a0 \u00a0Leistungsphasen LP 1-8, Planer Technische Geb\u00e4udeausr\u00fcstung\u00a0\u00a0 \u00a0\u00a0\u00a0 \u00a0Neubau ISD International School of D\u00fcsseldorf, 2004 &#8211; 2005\u00a0\u00a0 \u00a0Leistungsphasen LP 8, Bauleitung Technische Geb\u00e4udeausr\u00fcstung\u00a0\u00a0 \u00a0\u00a0\u00a0 \u00a0Umbau Verwaltungsgeb\u00e4ude Villa Ponsold, Oschersleben, 2004\u00a0\u00a0 \u00a0Leistungsphasen LP 1-4, Planer Technische Geb\u00e4udeausr\u00fcstung\u00a0\u00a0 \u00a0\u00a0\u00a0 \u00a0Umbau Laborgeb\u00e4ude Dr. Ponsold GmbH, Oschersleben, 2004\u00a0\u00a0 \u00a0Leistungsphasen LP 1-6, Planer Technische [&hellip;]<\/p>\n","protected":false},"author":1,"featured_media":66,"parent":0,"menu_order":0,"comment_status":"closed","ping_status":"closed","template":"","meta":{"_coblocks_attr":"","_coblocks_dimensions":"","_coblocks_responsive_height":"","_coblocks_accordion_ie_support":""},"_links":{"self":[{"href":"https:\/\/www.knepperges.de\/index.php?rest_route=\/wp\/v2\/pages\/9"}],"collection":[{"href":"https:\/\/www.knepperges.de\/index.php?rest_route=\/wp\/v2\/pages"}],"about":[{"href":"https:\/\/www.knepperges.de\/index.php?rest_route=\/wp\/v2\/types\/page"}],"author":[{"embeddable":true,"href":"https:\/\/www.knepperges.de\/index.php?rest_route=\/wp\/v2\/users\/1"}],"replies":[{"embeddable":true,"href":"https:\/\/www.knepperges.de\/index.php?rest_route=%2Fwp%2Fv2%2Fcomments&post=9"}],"version-history":[{"count":23,"href":"https:\/\/www.knepperges.de\/index.php?rest_route=\/wp\/v2\/pages\/9\/revisions"}],"predecessor-version":[{"id":149,"href":"https:\/\/www.knepperges.de\/index.php?rest_route=\/wp\/v2\/pages\/9\/revisions\/149"}],"wp:featuredmedia":[{"embeddable":true,"href":"https:\/\/www.knepperges.de\/index.php?rest_route=\/wp\/v2\/media\/66"}],"wp:attachment":[{"href":"https:\/\/www.knepperges.de\/index.php?rest_route=%2Fwp%2Fv2%2Fmedia&parent=9"}],"curies":[{"name":"wp","href":"https:\/\/api.w.org\/{rel}","templated":true}]}}