{"id":4,"date":"2020-04-30T13:45:45","date_gmt":"2020-04-30T13:45:45","guid":{"rendered":"http:\/\/knepperges.de\/?page_id=4"},"modified":"2020-05-05T09:14:13","modified_gmt":"2020-05-05T09:14:13","slug":"home","status":"publish","type":"page","link":"https:\/\/www.knepperges.de\/","title":{"rendered":"home"},"content":{"rendered":"\t\t<div data-elementor-type=\"wp-page\" data-elementor-id=\"4\" class=\"elementor elementor-4\" data-elementor-settings=\"[]\">\n\t\t\t\t\t\t<div class=\"elementor-inner\">\n\t\t\t\t\t\t\t<div class=\"elementor-section-wrap\">\n\t\t\t\t\t\t\t<section class=\"elementor-section elementor-top-section elementor-element elementor-element-1367e2cd elementor-section-boxed elementor-section-height-default elementor-section-height-default\" data-id=\"1367e2cd\" data-element_type=\"section\">\n\t\t\t\t\t\t<div class=\"elementor-container elementor-column-gap-default\">\n\t\t\t\t\t\t\t<div class=\"elementor-row\">\n\t\t\t\t\t<div class=\"elementor-column elementor-col-100 elementor-top-column elementor-element elementor-element-1600ff76\" data-id=\"1600ff76\" data-element_type=\"column\">\n\t\t\t<div class=\"elementor-column-wrap elementor-element-populated\">\n\t\t\t\t\t\t\t<div class=\"elementor-widget-wrap\">\n\t\t\t\t\t\t<div class=\"elementor-element elementor-element-4ae88312 elementor-widget elementor-widget-text-editor\" data-id=\"4ae88312\" data-element_type=\"widget\" data-widget_type=\"text-editor.default\">\n\t\t\t\t<div class=\"elementor-widget-container\">\n\t\t\t\t\t\t\t\t<div class=\"elementor-text-editor elementor-clearfix\">\n\t\t\t\t\t<p><!-- wp:verse {\"textAlign\":\"center\"} --><\/p>\n<p class=\"wp-block-verse has-text-align-center\">Wir sind ein unabh\u00e4ngig t\u00e4tiges Planungs- und Beratungsunternehmen. Das Leistungsspektrum umfasst alle Bereiche der technischen Geb\u00e4udeausr\u00fcstung.<\/p><p class=\"wp-block-verse has-text-align-center\">Von Analyse &#8211; und Beratungsleistungen sowie Planung und Projektierung von Neubauten und Bestandsobjekten bis hin zur langfristigen, kundenorientierten Begleitung \u00fcber den gesamten Geb\u00e4udelebenszyklus hinweg.<\/p>\n<p><!-- \/wp:verse --><!-- wp:paragraph --><\/p>\n<p><!-- \/wp:paragraph --><\/p>\t\t\t\t\t<\/div>\n\t\t\t\t\t\t<\/div>\n\t\t\t\t<\/div>\n\t\t\t\t\t\t<\/div>\n\t\t\t\t\t<\/div>\n\t\t<\/div>\n\t\t\t\t\t\t\t\t<\/div>\n\t\t\t\t\t<\/div>\n\t\t<\/section>\n\t\t\t\t\t\t<\/div>\n\t\t\t\t\t\t<\/div>\n\t\t\t\t\t<\/div>\n\t\t","protected":false},"excerpt":{"rendered":"<p>Wir sind ein unabh\u00e4ngig t\u00e4tiges Planungs- und Beratungsunternehmen. Das Leistungsspektrum umfasst alle Bereiche der technischen Geb\u00e4udeausr\u00fcstung. Von Analyse &#8211; und Beratungsleistungen sowie Planung und Projektierung von Neubauten und Bestandsobjekten bis hin zur langfristigen, kundenorientierten Begleitung \u00fcber den gesamten Geb\u00e4udelebenszyklus hinweg.<\/p>\n","protected":false},"author":1,"featured_media":0,"parent":0,"menu_order":0,"comment_status":"closed","ping_status":"closed","template":"","meta":{"_coblocks_attr":"","_coblocks_dimensions":"","_coblocks_responsive_height":"","_coblocks_accordion_ie_support":""},"_links":{"self":[{"href":"https:\/\/www.knepperges.de\/index.php?rest_route=\/wp\/v2\/pages\/4"}],"collection":[{"href":"https:\/\/www.knepperges.de\/index.php?rest_route=\/wp\/v2\/pages"}],"about":[{"href":"https:\/\/www.knepperges.de\/index.php?rest_route=\/wp\/v2\/types\/page"}],"author":[{"embeddable":true,"href":"https:\/\/www.knepperges.de\/index.php?rest_route=\/wp\/v2\/users\/1"}],"replies":[{"embeddable":true,"href":"https:\/\/www.knepperges.de\/index.php?rest_route=%2Fwp%2Fv2%2Fcomments&post=4"}],"version-history":[{"count":13,"href":"https:\/\/www.knepperges.de\/index.php?rest_route=\/wp\/v2\/pages\/4\/revisions"}],"predecessor-version":[{"id":152,"href":"https:\/\/www.knepperges.de\/index.php?rest_route=\/wp\/v2\/pages\/4\/revisions\/152"}],"wp:attachment":[{"href":"https:\/\/www.knepperges.de\/index.php?rest_route=%2Fwp%2Fv2%2Fmedia&parent=4"}],"curies":[{"name":"wp","href":"https:\/\/api.w.org\/{rel}","templated":true}]}}